False
Let c(t) = -t**2 - 4*t + 1. Let m be c(-3). Suppose 3*g = 2*g + m. Suppose 0 = h + 2*y - 13, -h + g = -6*y + 5*y. Is h prime?
True
Let u(k) = k - 8. Let d be (2/(-4))/(5/280). Let l = d + 39. Is u(l) composite?
False
Suppose 4*x + 6*x - 1460 = 0. Suppose -r + x + 921 = 0. Is r prime?
False
Let u(k) = k**3 + k**2 + 5*k - 4. Let o(v) = -v**3 + 5*v**2 + 8*v - 1. Let i be o(6). Suppose 3*z - 15 = -3*w, -3*w = -z + 2*z - i. Is u(w) a prime number?
True
Suppose -7 = -2*f + 3. Suppose 10 = -f*t, 4*t - 1053 = -d - 0*t. Is d prime?
True
Is (-9 - -1) + 5 + (867 - 1) composite?
False
Suppose -5*d + 3*y = 2*y - 10, -5*d - 5*y - 20 = 0. Is 328 - (0 + -4 + d) a prime number?
True
Let u = -506 + 222. Let z = 461 - u. Is z composite?
True
Let y = 2178 - 917. Is y a prime number?
False
Let g(w) = 8*w**2 - w - 4. Let m = 13 - 8. Suppose 0*z - 5*b = 3*z - 19, -z - m*b = -13. Is g(z) prime?
False
Suppose 552*q - 554*q + 10742 = 0. Is q a prime number?
False
Suppose m + 15 - 20 = 0. Suppose m*o - 3 = 4*f, -2*o - 6 = -5*o + f. Suppose -2*c + 3*n = -108 - 142, -o*c = 4*n - 409. Is c a composite number?
False
Is (-15 - 598)*2/(-2) a prime number?
True
Is 1060/9 - (-24)/108 a prime number?
False
Suppose -2*d = 6*d - 24. Suppose -3*s + d*v + 4668 = 0, -2*v + 4 + 2 = 0. Is s composite?
False
Let z be (9/126*4)/(2/14). Suppose -z*n = 5*l - 3021, -4*l = 5*n - 2*l - 7563. Is n a composite number?
True
Let z = -14 + -52. Let r = z - -5. Let i = 98 + r. Is i a prime number?
True
Is (-2)/2*2*(-35195)/10 composite?
False
Suppose 2*n + j - 3709 = -607, 4*n - j - 6192 = 0. Suppose -4*s = -2*t + t + 779, -2*t = s - n. Suppose 3*b = -3*x + 3489, -1954 + t = -x + 3*b. Is x composite?
True
Is (((-2)/(-3))/(-2))/(2/(-7554)) a composite number?
False
Suppose -116 = 2*y + 204. Let s = -385 - y. Let p = 388 + s. Is p a composite number?
False
Suppose 36 + 13 = -7*x. Is (-6352)/x + 9/(-21) a prime number?
True
Suppose -13*l - c = -11*l - 113, -4*c = 3*l - 157. Is l prime?
True
Suppose 4*c - 126410 = 11502. Is c prime?
False
Let c(y) = 203*y**2 - 17*y - 7. Is c(-5) a composite number?
False
Let o be 1022/(-7)*3/(-2). Suppose -5*b + 0*b + n = -1057, -4*n - o = -b. Is b prime?
True
Let h = -23 + 1348. Let n = -516 + h. Is n a composite number?
False
Suppose 5*q = 11*q - 15192. Suppose -3*f = 0, z + 3*z + 4*f - q = 0. Is z prime?
False
Let s(t) = 2*t - 8. Let u be s(5). Suppose 0 = -3*k - 3*b - 6, u*k = 6*k - 2*b + 26. Let m(q) = -43*q - 12. Is m(k) composite?
True
Let l(u) = 571*u**2 + 17*u + 47. Is l(-4) a composite number?
True
Let m(f) = 2338*f - 31. Is m(32) a composite number?
True
Let g = -22890 + 40847. Is g composite?
False
Suppose -13 = 4*q - 4*f - 1, -2*q + 22 = 5*f. Let m(b) = 6*b - 7. Let i be m(5). Is (-4 + 5)/(q/i) prime?
True
Let w be 2 + (-3)/1 - 0. Is -11 + 12 + w + 223 a prime number?
True
Let t(c) = -71*c + 44. Is t(-3) composite?
False
Let d(s) be the second derivative of s**5/20 + 2*s**4/3 + s**3 - 2*s**2 - 4*s. Let g be d(-7). Suppose -x - g*x = -2692. Is x composite?
False
Suppose r = -3*r + 52. Let l(g) = 5*g**2 + 13*g + 17. Is l(r) a prime number?
True
Suppose 2*o + 28 = 7*o + 2*k, o - 8 = -k. Suppose -3*q = f + 5, -q - 11 = 3*f + o*q. Is (361/2)/(f/(-4)) a prime number?
False
Let d = 9 + -13. Let a(n) = -n**2 - 2*n + 8. Let g be a(d). Suppose g = -2*f + 5*q + 151 + 97, q - 593 = -5*f. Is f prime?
False
Let o(g) = -10*g - 19. Let f be o(-14). Let p = f + -68. Is p composite?
False
Let z(w) = 72*w**2 + 16*w - 75. Is z(17) a prime number?
False
Suppose -y + 1 = -2*z, -2*y - 4*z = 3*y - 33. Suppose 627 = 4*t + y*d, 0 = t - 5*d + d - 183. Is t a composite number?
False
Is 7*7/(-49)*-11399 composite?
False
Let t be 21*52/6*(-3)/2. Let b = t + 464. Is b composite?
False
Suppose 42242 = 4*a - 77426. Is a composite?
False
Let g(f) = f**3 + 17*f**2 + 8*f + 4. Let h be g(-16). Let s = h + 94. Is s a prime number?
False
Let x = -79 - -147. Suppose -6*g + 4*g = -x. Is g composite?
True
Suppose 0 = -5*y + 5*i + 50195, 13*y - 40150 = 9*y + i. Is y composite?
False
Let c(u) = -u - 8. Let g be c(-7). Let d be -3*(1 + g + -1). Suppose -d*l = -l - 76. Is l a prime number?
False
Let q(n) be the first derivative of n**3/3 - 5*n**2/2 - 17*n + 2. Let h = 10 - -4. Is q(h) prime?
True
Suppose -4*f + 4*i = -3 - 1, 0 = 5*f + 4*i + 40. Let m(o) = -o**3 - 5*o**2 - 5*o + 4. Let w be m(f). Is (83/(-2))/((-4)/w) a composite number?
False
Suppose -478*r = -476*r - 57542. Is r a composite number?
False
Let s(o) = -6*o - 34. Let u be s(-7). Suppose -u*z + 196 = -76. Is z prime?
False
Is (-15)/6*4/40*-8812 prime?
True
Let h be 6*-1*284/1. Let t = 2557 + h. Is t a composite number?
False
Is ((-20)/4)/(-5)*853 prime?
True
Is (2463380/(-15))/(4/(-3)) prime?
True
Let j = -12 - -3. Let o(u) = 2*u**2 + 7*u - 13. Let v be o(j). Let q = 59 + v. Is q composite?
True
Let n(l) = l**3 + 12*l**2 + 12*l + 11. Let t be n(-11). Let c be (t + 0/(-1))/2. Suppose c = 7*q - 4*q - 195. Is q a composite number?
True
Let z(r) = 7*r**2 - r + 15. Let q = -21 - -12. Is z(q) composite?
True
Let t(k) = -19*k - 42. Let l be (-21)/(-14)*1 + (-17)/2. Is t(l) a prime number?
False
Let z = 2 + -5. Let s(n) = 31*n**2 - n + 9. Is s(z) a composite number?
True
Suppose 0 = -5*t + 58 + 7. Let n(w) = t*w + 3*w**2 + 3*w + 19 - w. Is n(-14) composite?
False
Suppose n + 3*p = 2*p + 508, 0 = -3*p - 9. Let z be (-11415)/(-35) + (0 - (-4)/(-28)). Let x = n - z. Is x a composite number?
True
Let s(d) = -4*d**2 - 12 + 16 + 3*d**2 - d. Let v be s(0). Is (58/v - -1)*2 prime?
True
Let r(o) = -1. Let p(i) = i**2 + 5*i - 1. Suppose 5*v - 7*v = -2. Let z(t) = v*p(t) + 6*r(t). Is z(-11) a composite number?
False
Suppose -5*u - 678 = -2*u. Let q = u - -524. Suppose 3*h - 5*h + q = 0. Is h prime?
True
Let s = 1084 - 293. Let x = s - -686. Is x prime?
False
Let j(h) = -154*h + 19. Let r = -70 - -63. Is j(r) a composite number?
False
Suppose -3*v + 20683 - 994 = 0. Is v composite?
False
Let x = 281 - 8. Suppose 0 = -2*y + 1201 + x. Is y a prime number?
False
Suppose 0 = 5*u + 27*u - 110560. Is u prime?
False
Suppose -2*x = x. Suppose -5*y + 18 = -3*v, -y + 3*v = -x - 6. Is (127 - y) + 2 + 1 composite?
False
Let k(o) be the second derivative of 11*o**3/6 + 6*o**2 - 9*o. Let n(j) = -j**3 + 7*j**2 + 3*j - 14. Let a be n(7). Is k(a) a composite number?
False
Suppose 0 = 11*h - 6*h - 91775. Is h composite?
True
Let w be -17 + 9/6*2. Is w/42 - (5083/(-3) - -1) composite?
False
Suppose -3*v + 2*v = m + 527, -4*m - 3*v - 2112 = 0. Let t = 1225 + m. Is t composite?
True
Let l be 4/(-10) - (-507)/5. Suppose 1515 = 5*c + 3*v, 236*c + 3*v - 903 = 233*c. Let h = l + c. Is h prime?
False
Suppose -2*c = -5*c - 42. Let i(m) = -33*m + 25. Is i(c) a composite number?
False
Is 6*2/(-4) - -8266 composite?
False
Suppose -3*s - 3*s + 46734 = 0. Is s a composite number?
False
Suppose -31*t + 28 = -29*t. Suppose -3*v - v - t = -2*h, 4*h = v + 49. Is h prime?
True
Let b(k) = 5*k - k + 3 + 0 - 1. Let t be b(2). Let p(d) = -d + 13. Is p(t) composite?
False
Suppose 0 = 4*o + 3 - 11, -5*u = -4*o - 49127. Is u prime?
False
Suppose 5*g = 3*z - 34 + 8, 3*z = -g + 2. Let i = -50 - -51. Is g + (i - -785) + 3 composite?
True
Suppose 6 = p + 2*p. Suppose 4*x - 8 = 0, 5*x = -p*i + 392 + 96. Is i prime?
True
Let l(p) = p**2 + 9*p + 9. Let c be l(-7). Let m(q) = 17*q**2 - q + 5. Let t be m(c). Let r = t + -308. Is r composite?
False
Let n(d) = d**3 + 8*d**2 + 4*d + 1. Let i = -54 + 60. Is n(i) a prime number?
False
Let a(u) = 101*u**3 - 1. Let y be a(1). Let b = y - -124. Suppose b = 3*c - 223. Is c a prime number?
True
Suppose -2*r - 3*r + 10 = 0. Suppose 0 = -r*l + 110 + 28. Is l a composite number?
True
Suppose -2*u = 4, 3*n - 1665 - 2522 = -5*u. Is n a prime number?
True
Let n be (-5)/((-1)/(0 + -1)). Let k(w) = -11*w**3 - 7*w**2 - 2*w + 9. Is k(n) a prime number?
False
Let t(m) = 2 + 4*m + 15*m**2 + 1 - 2*m + 0*m. Is t(4) composite?
False
Let x be (7 - 7)*(-1)/(-2). Let m(b) = -b - 231. Let c be m(x). Let n = 1016 + c. Is n a composite number?
True
Suppose 941 = 2*c - 0*c + 5*h, c + 5*h - 458 = 0. Suppose 0 = -2*f + c + 663. Is f composite?
True
Let f(s) = 1672*s**3 - 3*s**2 + 8*s - 13. Is f(2) composite?
False
Suppose -2*y = -399 + 59. Let m(r) = y*r - 40*r + 43*r - 1 + 77*r. Is